ided by 6016?
2639
Calculate the remainder when 68284 is divided by 22564.
592
What is the remainder when 89352 is divided by 43272?
2808
Calculate the remainder when 32994 is divided by 1292.
694
What is the remainder when 102801004 is divided by 18?
16
Calculate the remainder when 1353735 is divided by 5617.
38
Calculate the remainder when 6544151 is divided by 3271887.
377
Calculate the remainder when 57158 is divided by 18.
8
What is the remainder when 625074 is divided by 831?
162
Calculate the remainder when 20209597 is divided by 80.
77
Calculate the remainder when 33749485 is divided by 16874738.
9
Calculate the remainder when 3066255 is divided by 24.
15
What is the remainder when 1683494 is divided by 18101?
101
What is the remainder when 6388267 is divided by 375778?
41
What is the remainder when 106722 is divided by 106689?
33
What is the remainder when 279876 is divided by 735?
576
Calculate the remainder when 85446 is divided by 78453.
6993
Calculate the remainder when 112655358 is divided by 128.
126
Calculate the remainder when 1433524 is divided by 3620.
4
Calculate the remainder when 3142466 is divided by 120864.
2
What is the remainder when 6970657 is divided by 536204?
5
Calculate the remainder when 57122243 is divided by 106.
9
Calculate the remainder when 646091 is divided by 215349.
44
Calculate the remainder when 699072 is divided by 125.
72
Calculate the remainder when 1990465 is divided by 343.
36
What is the remainder when 275108 is divided by 274907?
201
Calculate the remainder when 3307822 is divided by 472534.
84
Calculate the remainder when 17458555 is divided by 1179.
1102
What is the remainder when 14199290 is divided by 28570?
0
Calculate the remainder when 153026 is divided by 25429.
452
Calculate the remainder when 2515568 is divided by 48376.
16
Calculate the remainder when 21099716 is divided by 62.
0
Calculate the remainder when 3260652 is divided by 132.
120
Calculate the remainder when 835709 is divided by 39.
17
Calculate the remainder when 4401658 is divided by 32848.
26
Calculate the remainder when 307861 is divided by 51305.
31
Calculate the remainder when 14326554 is divided by 551.
3
What is the remainder when 33355 is divided by 7377?
3847
What is the remainder when 657005 is divided by 111?
107
Calculate the remainder when 451983 is divided by 689.
688
What is the remainder when 1099226 is divided by 1099178?
48
Calculate the remainder when 11670672 is divided by 31887.
30
Calculate the remainder when 9855357 is divided by 116.
113
What is the remainder when 29385 is divided by 6390?
3825
What is the remainder when 1061205 is divided by 2440?
2245
What is the remainder when 2756438 is divided by 1167?
1151
Calculate the remainder when 23128 is divided by 609.
595
What is the remainder when 19522051 is divided by 1626835?
31
Calculate the remainder when 1099820 is divided by 1996.
24
Calculate the remainder when 4194838 is divided by 4883.
341
Calculate the remainder when 4785356 is divided by 762.
758
Calculate the remainder when 88861 is divided by 84.
73
Calculate the remainder when 6391 is divided by 901.
84
Calculate the remainder when 3049485 is divided by 88.
21
What is the remainder when 150116943 is divided by 111?
99
Calculate the remainder when 1181517 is divided by 184.
53
What is the remainder when 253791 is divided by 183?
153
Calculate the remainder when 239772 is divided by 23635.
3422
Calculate the remainder when 602989 is divided by 360.
349
What is the remainder when 15579 is divided by 3877?
71
Calculate the remainder when 303781 is divided by 5839.
153
What is the remainder when 23383901 is divided by 103928?
101
Calculate the remainder when 180070733 is divided by 579.
575
What is the remainder when 527022802 is divided by 66?
64
What is the remainder when 5695040 is divided by 11?
10
Calculate the remainder when 2929352 is divided by 653.
647
What is the remainder when 1061869 is divided by 9314?
73
Calculate the remainder when 195937511 is divided by 29.
26
Calculate the remainder when 14475927 is divided by 597.
468
What is the remainder when 1297074 is divided by 129707?
4
What is the remainder when 7879545 is divided by 2626474?
123
What is the remainder when 405993156 is divided by 252?
240
What is the remainder when 76990 is divided by 8268?
2578
What is the remainder when 1317053 is divided by 60?
53
Calculate the remainder when 12623759 is divided by 18.
17
What is the remainder when 92693 is divided by 7714?
125
Calculate the remainder when 7695 is divided by 7171.
524
What is the remainder when 86538 is divided by 85979?
559
What is the remainder when 247023 is divided by 2601?
2529
Calculate the remainder when 528139 is divided by 317.
17
Calculate the remainder when 625324 is divided by 29777.
7
What is the remainder when 2814265 is divided by 9227?
30
What is the remainder when 9246842 is divided by 1849366?
12
Calculate the remainder when 1896767 is divided by 948375.
17
What is the remainder when 234644838 is divided by 113?
112
What is the remainder when 221486 is divided by 1035?
1031
What is the remainder when 2177 is divided by 1341?
836
Calculate the remainder when 19121469 is divided by 15.
9
Calculate the remainder when 2587112 is divided by 101.
98
Calculate the remainder when 1820508 is divided by 606700.
408
Calculate the remainder when 24869 is divided by 4136.
53
Calculate the remainder when 65750681 is divided by 3.
2
Calculate the remainder when 522956 is divided by 911.
42
What is the remainder when 228417187 is divided by 72?
67
Calculate the remainder when 39775464 is divided by 1004.
1000
What is the remainder when 1631952 is divided by 543888?
288
What is the remainder when 904731 is divided by 301280?
891
Calculate the remainder when 80178 is divided by 3081.
72
What is the remainder when 11447 is divided by 2274?
77
Calculate the remainder when 337957 is divided by 14.
11
What is the remainder when 783324 is divided by 260926?
546
Calculate the remainder when 69496728 is divided by 185.
183
What is the remainder when 97363 is divided by 19463?
48
Calculate the remainder when 32301506 is divided by 168237.
2
What is the remainder when 7564956 is divided by 378247?
16
What is the remainder when 36624887 is divided by 72?
71
What is the remainder when 167888 is divided by 20941?
360
What is the remainder when 2175371 is divided by 1087664?
43
Calculate the remainder when 5848213 is divided by 11.
8
Calculate the remainder when 415157 is divided by 159.
8
What is the remainder when 2687193 is divided by 806?
795
What is the remainder when 10175514 is divided by 5087726?
62
What is the remainder when 38536 is divided by 3033?
2140
What is the remainder when 196389687 is divided by 106?
95
What is the remainder when 17398 is divided by 17294?
104
What is the remainder when 30844831 is divided by 4406404?
3
What is the remainder when 15428519 is divided by 12?
11
What is the remainder when 13381348 is divided by 2230224?
4
What is the remainder when 15571827 is divided by 5190602?
21
What is the remainder when 233623 is divided by 445?
443
Calculate the remainder when 34939888 is divided by 1359.
1357
What is the remainder when 11218504 is divided by 51226?
10
What is the remainder when 1475101 is divided by 491699?
4
What is the remainder when 116295422 is divided by 351?
347
Calculate the remainder when 2778317 is divided by 352.
333
What is the remainder when 3328800 is divided by 13928?
8
What is the remainder when 5308002 is divided by 1769299?
105
What is the remainder when 4944 is divided by 767?
342
Calculate the remainder when 782488 is divided by 3651.
1174
Calculate the remainder when 912984 is divided by 3969.
114
What is the remainder when 2349542 is divided by 783176?
14
What is the remainder when 4690544 is divided by 246842?
546
Calculate the remainder when 5679 is divided by 5123.
556
What is the remainder when 24203 is divided by 11574?
1055
Calculate the remainder when 42548175 is divided by 88642.
15
What is the remainder when 7116734 is divided by 547439?
27
Calculate the remainder when 36084310 is divided by 792.
790
What is the remainder when 635357 is divided by 105863?
179
Calculate the remainder when 331058 is divi